
Let l be 3/6 - (-2)/(-4). Suppose 13*y - 9*y = l. Suppose y = -s - 0*s + 11. What is the units digit of s?
1
Suppose -4*u - 4 = -5*u. Suppose -65 + u = -f. Suppose 13 - f = -4*m. What is the units digit of m?
2
Suppose -9*t + 28676 - 3134 = 0. What is the thousands digit of t?
2
Suppose 4*c - 5*t = 23, 3*c + 2*t = -0*c. Suppose -3*f - 586 = -7*f + 2*h, -3*h - 283 = -c*f. What is the hundreds digit of f?
1
Let z = -18 + 21. Suppose 7*v + b - 228 = 4*v, 0 = -z*v - 2*b + 228. What is the units digit of v?
6
Let v(c) = 5*c - 8. Let m be v(4). Let t = -6 + m. What is the units digit of (19/3)/(1/t)?
8
Let r be (-14)/(-3) + (-2)/3. Suppose -r*s + 11 = -i - 5, 0 = 4*s + 5*i - 16. Suppose -2*c - s + 26 = 0. What is the units digit of c?
1
Let m(z) = 9*z**2 - 4*z + 7. Suppose -n + 3 = 7*u - 2*u, -12 = -4*n - u. What is the units digit of m(n)?
6
Let k = 28 - 11. Suppose 2*h = 3*p - k - 62, -2*p - h = -48. What is the units digit of p?
5
Let i be -2*1*3/(-6). Suppose i = -2*a + 3*a. Let m(d) = 6*d**3 - d**2 - d + 1. What is the units digit of m(a)?
5
Let q = -477 - -742. What is the units digit of q?
5
Let y(o) = 5*o**3 - 7*o**2 + 6. What is the tens digit of y(8)?
1
Let k(v) = 90*v**2 - 2*v - 3. What is the tens digit of k(-2)?
6
Suppose -268*v + 262*v + 420 = 0. What is the units digit of v?
0
Let p be (12/(-9))/(2/(-213)). Suppose p = 5*a - 3. What is the tens digit of a?
2
Let g(s) = -s**2 - 6*s + 16. Let l be g(-8). Suppose 0 = 2*w - 3*v - 8, 4*w + 4*v + l = -4. Let i = 13 - w. What is the tens digit of i?
1
Let b = 158 + -137. Let j(f) = f**2 - 10*f + 42. What is the units digit of j(b)?
3
Let h be -194 - (-5)/((-20)/(-12)). Let s = h - -326. What is the hundreds digit of s?
1
Let k be (3/9)/((-4)/(-372)). Suppose -2*j - 3*m + 7 = 0, 0 = -2*j + 3*m + 6 + k. What is the units digit of (j/22)/(1/100)?
0
Let t(v) = -v**3 + 11*v**2 - 9*v - 18. What is the units digit of t(-5)?
7
What is the thousands digit of 0 - (9/(-15) + (-29085)/25)?
1
Suppose -7*a + 2*a = 2*n + 23, 3*n = -3*a - 12. Let m be (-774)/(-9) + 3/n. Let j = -32 + m. What is the units digit of j?
7
Let o = -259 - -104. Let z = -79 - o. What is the tens digit of z?
7
Let q = 0 + -35. Let x be (0 - q)*14/(-35). Let r = x - -34. What is the tens digit of r?
2
Let h(r) = 54*r + 13. Let q(u) = 27*u + 7. Let k(i) = 4*h(i) - 9*q(i). What is the hundreds digit of k(-9)?
2
Let f be (-322)/8 - (-9)/36. Let c = f + 76. What is the units digit of c?
6
Suppose 0 = -4*p + 3*p + 2. Suppose -5*h + 196 = -p*t, 2*h + t - 82 = -9. What is the units digit of h?
8
Let k(r) = 8*r - 20. Let c = -31 + 39. What is the tens digit of k(c)?
4
Let l(f) = 11*f - 3*f**2 - 6*f + f**2. Let j be l(6). Let u = -21 - j. What is the tens digit of u?
2
Suppose f = 5*l - 2880, 5*l - 565 = 4*l - 2*f. What is the hundreds digit of l?
5
Let r be ((-2)/1 - -4)*4. Let b be (5 - r) + 5 + -2. Suppose b = 4*h - 79 - 17. What is the tens digit of h?
2
What is the tens digit of 4/(-88)*-12 + 94737/253?
7
Let c(w) = w**2 - 6*w + 8. Let s be c(5). What is the tens digit of (6/8)/(s/2580*5)?
2
Let d = 12 - 6. Suppose -d*c + 34 = -4*c. Suppose 0 = -2*a + c - 7. What is the units digit of a?
5
Let w(n) be the first derivative of -n**2 - 3*n + 9. Let z be (-3)/21*-1 + (-44)/14. What is the units digit of w(z)?
3
Let v(i) = -457*i - 23. What is the tens digit of v(-2)?
9
Suppose 12*l - 13*l = -118. What is the hundreds digit of l?
1
Let q = -528 + 1246. What is the hundreds digit of q?
7
Let w(g) = g + 15. Let t be 4/18 + (-2)/9. Suppose -3*b + q - 3 = 0, 5*b + 5*q = -t*q + 15. What is the tens digit of w(b)?
1
Let a(c) = 3*c + 12. Let l be a(-5). Let o(s) = -s**3 + 21. Let y be o(0). Let w = y + l. What is the units digit of w?
8
Suppose h - 5*h = -4*j + 36, -3*j + 13 = -2*h. Let w = 111 + -64. Let l = h + w. What is the tens digit of l?
3
Let d(f) = 31*f**2 + 6*f + 19. Let l be d(-3). Let h = 403 - l. What is the hundreds digit of h?
1
Suppose -10 = -6*s + s. Let o = 0 - -5. Suppose s*n - 3*n - 4 = w, -o*w = 25. What is the units digit of n?
1
Let y = 664 + 2296. What is the units digit of y?
0
Let x = 617 - -378. What is the units digit of x?
5
Suppose -8*f + 20306 = 3242. What is the units digit of f?
3
Suppose -25 = -8*k + 3*k. Suppose 22 + 38 = k*o. What is the units digit of (-2 + 1 - 0) + o?
1
Let t = 493 - 151. What is the hundreds digit of t?
3
Let v = 992 - 1936. What is the units digit of 1/(4/(v/(-4)))?
9
Let r(i) = -5*i**2 + 30*i - 33. Let z be r(12). Let w = z + 595. What is the tens digit of w?
0
Let l(m) = 14*m - 55. Let h be (-11)/(4 + 54/(-12)). What is the units digit of l(h)?
3
Suppose 5*f = 5 + 355. What is the units digit of f?
2
Let u(x) = -112 + 52 + x**2 + 53 - x. Let r(d) = d**3 + 6*d**2 - d. Let b be r(-6). What is the units digit of u(b)?
3
Suppose 5*x - 2*k + 0*k - 33 = 0, 0 = k + 4. Let s = x + -1. Suppose -s*a + 12 = -3*a - 3*d, -2*d = 2*a - 32. What is the tens digit of a?
1
Suppose 6*n = 4*z + n + 603, 447 = -3*z + 2*n. Let w = z + 282. What is the tens digit of w?
3
Let t(j) = -3*j + 1. Let a be t(-3). Suppose 2*v + 110 = a. Let f = v + 96. What is the units digit of f?
6
Let g be (-1)/(-2) - 3/6. Suppose b - 102 = -3*s - 2*b, -4*b - 12 = g. What is the tens digit of s?
3
Let d(t) = t**2 - 11*t + 9. Suppose 0 = g - 2*n + 5*n - 6, 3*g + 15 = 2*n. Let p be (-37)/g + 2/(-6). What is the tens digit of d(p)?
2
Suppose -3*a + 201 = 2*i, i + 3*a + 207 = 3*i. What is the hundreds digit of i?
1
Suppose 16*s - 507 = 5. Let r = s - -5. What is the tens digit of r?
3
Suppose 3*v - y - 76 = 0, y = 2 - 6. Suppose -6*q + 8*q = -2*o, 0 = -2*o + 4*q + v. What is the units digit of o?
4
Let c = -281 - -638. What is the hundreds digit of c?
3
What is the units digit of ((-66)/(1*-1))/(303/404)?
8
Suppose -7*d + 716 = 4*b - 5*d, 537 = 3*b - d. Suppose -b = -s + 2*q - 58, 0 = -s + q + 119. What is the hundreds digit of s?
1
Let y be (-1)/(-1) - (-6 - -1731)/(-5). Suppose 240 = i + 3*r, -3*r + 112 - y = -i. What is the units digit of i?
7
Let p = -51 + 51. Let n(u) = -u + 31. What is the units digit of n(p)?
1
Suppose 2 = -3*k + k. What is the tens digit of 154 - -4 - (6/(-2) + k)?
6
Let x = -9 - -14. Suppose 70 = -x*t + 3*o, -3*o - 42 = 3*t + o. What is the units digit of (-746)/(-14) + 4/t?
3
Let x(s) be the third derivative of -s**6/40 - s**5/30 + s**4/24 - 6*s**2. What is the units digit of x(-3)?
0
Suppose -2*s + 169 = -g, -3*s + 253 = -3*g + 7. What is the tens digit of s?
8
Let w be -1 + (0 + -11)*-1. Let x(b) be the third derivative of -b**6/120 + b**5/6 + b**4/12 + b**3/6 - 208*b**2. What is the tens digit of x(w)?
2
Suppose 4*h + 0*b - 72 = 4*b, 3*b + 72 = 4*h. Let x(v) = 13*v - 52. What is the hundreds digit of x(h)?
1
Let z(n) = 58*n**2 - 9*n - 13. What is the hundreds digit of z(-5)?
4
Let o = -30 + 28. What is the units digit of (-8)/((o/6)/(28/12))?
6
Let q(t) = -4*t + 15*t**2 + 2 - 2*t + 7*t + 2*t. What is the tens digit of q(-2)?
5
Suppose 0*j + 50 = 10*j. Suppose 0 = -y - j*y + 774. What is the units digit of y?
9
Let d(h) = -20*h**3 + 4*h**2 + 12*h + 9. What is the hundreds digit of d(-2)?
1
Let s = -6 + 10. Suppose 3*t + 27 = 5*h, -4*h - 4 = -t + 5*t. Suppose 3*v + h*l = s*v + 8, -5*v - l + 24 = 0. What is the units digit of v?
4
Let m(y) be the third derivative of -y**4/2 - 3*y**3/2 - 2*y**2 - 45. Let l be (4/(-1) - 0)*1. What is the tens digit of m(l)?
3
Let v = -55 + 63. What is the hundreds digit of -321*(80/(-15))/v?
2
Suppose -5*s + 12 = 2. Suppose -3*l + 3*n = -15, -l = s*l + 5*n - 31. Let i(b) = 9*b + 2. What is the units digit of i(l)?
5
Let f = -21 - -16. Let o = 4 + f. What is the units digit of (-8)/(1*(o - 1))?
4
Suppose 5*g = -318 - 287. Let o = 223 + g. What is the tens digit of o?
0
Suppose -20 = -2*i + 2*j, -9 = -4*i - 2*j + 13. Let v(h) = -h**3 + 9*h**2 + 2*h + 21. What is the tens digit of v(i)?
3
Suppose y + 3*y - 12 = 0. What is the tens digit of -182*y/(-6) - 4?
8
Suppose 0*x - 8 = 2*x, -x = 3*p + 160. Let h = -17 - p. Suppose -5*d + v + 46 = -0*v, -v = 4*d - h. What is the units digit of d?
9
Suppose -o + 97 = -128. What is the units digit of o?
5
Suppose -152*w = -154*w + 186. Let s = -85 + w. What is the units digit of s?
8
Let v be (-8)/2 + -20 + 114. Let q = -87 + v. What is th